 Let k be r(12). What is the hundreds digit of (-2792)/(-15) - (2 + (-224)/k)?
1
Let a be (-457)/8 - 1/(-8). Let f = a + 60. What is the units digit of (-3)/(822/(-272) + f)?
6
Suppose -9*c + 7*c + 3*r + 22989 = 0, -4*c - 5*r + 45945 = 0. What is the tens digit of c?
9
Suppose 0 = 2*s + 79 - 1153. Suppose 0 = -4*y + 251 + s. What is the tens digit of y?
9
Suppose -5*u + 4 + 6 = 5*n, 10 = 2*n + 5*u. Suppose -k - 4*h + 20 = k, -h + 2 = n. Suppose s - 203 = -k*s. What is the tens digit of s?
2
Let o(t) = -6464*t - 659. What is the tens digit of o(-3)?
3
Suppose -12 = -3*m, 2*k + 2 - 4 = 2*m. Suppose 0 = i - 41 - 95. Suppose -t = -k*t + i. What is the units digit of t?
4
Let i be 20/(-8)*(3 + 7). Suppose -116*l + 954 = -134*l. Let g = i - l. What is the units digit of g?
8
Let p(a) = 3*a + 13. Let h be p(-5). Let o be (h/(-3))/((-10)/105). Let y = 18 - o. What is the units digit of y?
5
Let w(p) = -665*p - 281. What is the units digit of w(-8)?
9
Suppose 0 = -g - 3*n + 46, 25*g + 5*n + 82 = 28*g. What is the units digit of g?
4
Let s(o) = -o**3 + 16*o - 39*o**2 - 2*o + 33*o**2 + 40. What is the hundreds digit of s(-10)?
3
Let a(g) = 68*g**2 + g + 5. Let i be a(-5). Let k = -2771 + i. What is the tens digit of ((-1)/3)/(((-30)/k)/(-10))?
1
Suppose -b - 106 = 2*l + 71, -4*b = l + 701. What is the hundreds digit of 120/b*(-48 + 3)*14?
4
Let c(f) = 6*f. Let h be (7 - 6)/((-3)/153*-3). Suppose 3*z - 28 = h. What is the tens digit of c(z)?
9
Let w(v) = -2*v + 10 + 11 + 1. Let f be w(11). Suppose y - 110 - 21 = f. What is the tens digit of y?
3
Let s be ((-6)/(-16))/(7/56). Suppose 0 = -4*h - 5*m + 36, -s*h - 3*m = h - 28. Let d(u) = 2*u**3 + u**2 - u. What is the hundreds digit of d(h)?
1
Let u = 966 - 377. Let h = -1531 + u. What is the units digit of ((-2)/(-6))/((-2)/h)?
7
Let r(z) = z**3 - z**2 - 2*z + 4. Let d be r(0). Let n = -90 + d. Let h = -46 - n. What is the tens digit of h?
4
Let g = -450 + 451. Suppose g = -o, 0 = 5*b - 2*o + 5*o - 3167. What is the units digit of b?
4
Let t = 42 + -44. Let p be (-8)/t*1/(-2). What is the units digit of p + (6 - -1) + (-5 - -3)?
3
Let b(l) = -629*l + 2456. What is the thousands digit of b(-30)?
1
Let x(w) = -w**3 + w**2 + 24. Suppose -3*d + 5*k = 20 + 5, 2*k = 10. Let f be x(d). What is the units digit of (2/3)/(f/2124)?
9
Suppose 0 = 3*a + 6, 179*g + a - 185158 = 174*g. What is the thousands digit of g?
7
Let u(a) = -6*a + 0 - 3 + 1 - a**2 + 0*a**2. Let y be u(-5). Suppose -160 = -y*i + 20. What is the tens digit of i?
6
Let w(s) = 76*s**2 - 2*s + 34. Let h be w(9). Suppose -h = -5*d + 2038. What is the units digit of d?
2
Let g(w) = 1856*w**3 + 7*w**2 - 25*w + 31. What is the ten thousands digit of g(2)?
1
Let c = 3 + 0. Suppose -10*k - c*i = -14*k + 1131, -3*k = -3*i - 849. What is the tens digit of k?
8
Suppose -7*u + 10 = 3*u. Suppose 2 + u = 3*s, 0 = i + s + 112. Let w = 221 + i. What is the units digit of w?
8
Let t = 237 + -237. Suppose -48*v + 55*v - 1799 = t. What is the tens digit of v?
5
Let v = 68 + -64. Suppose -340 = -4*n + 4*l, -v*n + 5*l = -6*n + 142. Suppose 3*d - 200 = -3*r + 79, d + 4*r = n. What is the tens digit of d?
9
Let m(d) = 663*d**3 + 4*d**2 + 3*d - 16. What is the tens digit of m(2)?
1
Suppose 0 = -10*x + 231*x - 6287229. What is the tens digit of x?
4
Let l = 33 - 122. Let t be (-57 - (-6)/(-3))*(2 - -1). Let x = l - t. What is the tens digit of x?
8
Suppose 6*g - 2*v + 29478 = 11*g, -g + 5874 = -5*v. What is the tens digit of g?
9
Suppose -7*d + 12 = -3*d, v = -4*d + 19. Suppose -v*w + 66 = -8*w. Let b = 162 + w. What is the units digit of b?
6
What is the thousands digit of (2556/(-994))/(3/(-15274))?
3
Let q(g) = -g**2 + 4*g - 1. Let t be q(3). Suppose t*i - 211 = -75. Suppose -i*k = -72*k + 8. What is the units digit of k?
2
Let r be ((-148)/6)/((-18)/(-27)). Let q = r - -42. Suppose -210 - 160 = -q*i. What is the tens digit of i?
7
Let w be (-4)/8*(-1922)/1. Suppose s = -q - w, -3*q + 5*s = -q + 1887. What is the tens digit of (q/(-6))/((-4)/(-6))?
3
Let g(q) = -11*q - 36. Suppose 4*l = 12*l. Suppose l = 7*c - 8*c - 8. What is the units digit of g(c)?
2
Let g be 4/(-1) - (-3 + -3660 + -6). Suppose 61*i - g = 56*i. What is the units digit of i?
3
Let c(n) = n**3 + 23*n**2 + 12*n - 108. Let y be c(-22). What is the tens digit of (26124/y)/((-3)/(-8))?
2
Let j(a) = 27*a**3 + 6*a**2 - 7*a. Let f be j(-12). What is the hundreds digit of f/(-84) + 3/(-21)?
5
Let c = -10 + 15. Suppose -j + 0*j - 6 = -f, -c*j - 25 = 0. What is the units digit of (-13)/(52/(-168)) - f?
1
Suppose 11*i + 4*n = 14*i - 13820, i - 4588 = -n. What is the hundreds digit of i?
5
Suppose 13 = f - 53. Suppose 0 = -m - 2*r + f, 2*m - 138 - 2 = -2*r. What is the tens digit of 2*(-8)/10*(-9065)/m?
9
Let f(n) = 5*n**2 + 23*n + 6. Let q be f(-7). Suppose 0 = -91*h + q*h + 343. What is the tens digit of h?
4
What is the units digit of 21144 - (26 + -24 + 3)?
9
Let b(h) = 357*h**2 - 27*h - 109. Let q be b(-7). Suppose -21*s + 6745 + q = 0. What is the tens digit of s?
5
Let t be 1111/(10/40*-2). Let f = -200 - t. What is the hundreds digit of f?
0
Let z be 1 + 3 + (-928)/(-4). What is the tens digit of (-16)/24 + z/12?
1
Let k = 2315 - -2024. What is the thousands digit of k?
4
Let g(k) = k**3 + 13*k**2 - k - 10. Let c be (-4)/(-6)*(-78)/4. Let n be g(c). Suppose n*j + 126 = 5*j. What is the tens digit of j?
6
Suppose -3*g + 0*s + 129 = 3*s, 3*s + 71 = 2*g. Suppose -x = -37 + g. What is the tens digit of (x/(-1))/((-3)/(-105 - 3))?
0
What is the units digit of 26367098/1178 + 4/62 + -4?
9
Suppose 5*j = 7*j - 5*q - 26, j + 1 = -q. Suppose 0 = j*m + 22 - 31, 2*l - 5*m = 89. What is the tens digit of l?
5
Let c(q) = 3*q**2 - 52*q + 877. What is the tens digit of c(0)?
7
Suppose -4*q + 18*b - 21*b = -65158, -48870 = -3*q - 2*b. What is the thousands digit of q?
6
Suppose 4*s = -5*s + 72. Suppose 311 - 4895 = -s*w. What is the units digit of w?
3
Suppose -5*x + 0*x - d = -17198, 5*x + 2*d = 17196. What is the thousands digit of x?
3
Suppose 0*p - 2*y + 6988 = p, 0 = 2*p + 2*y - 13966. What is the thousands digit of p?
6
Suppose 365 = -5*w - 5*r, 2*w + r + 3*r = -156. Let j be 2/(-5)*(w - (-42)/(-6)). Suppose -4*x - j = -546. What is the tens digit of x?
2
Let j = 22108 - 9630. What is the thousands digit of j?
2
Suppose 3*q - 13 - 296 = 0. Suppose -q*i + 224 = -101*i. Let t = -74 + i. What is the tens digit of t?
3
Let j be 8/10*(-360)/16. Let i(k) = -2*k**3 - 35*k**2 + 15*k + 27. What is the tens digit of i(j)?
8
Suppose 101*d = 505621 + 1149264. What is the units digit of d?
5
Let j(y) be the third derivative of y**4/12 + 16*y**3 - 795*y**2. Let u be -1*(0/(-1) - 0). What is the tens digit of j(u)?
9
What is the units digit of (49 + -272)*311/(-3) + (-2)/3?
7
Suppose 10*m = 5*m - 5750. Let p = -637 - m. What is the units digit of p?
3
Suppose -2*v - v = 3*n + 171, 4*v = 2*n - 222. Suppose -y + 14 - 216 = 0. Let p = v - y. What is the units digit of p?
6
Suppose 3*h = -4*h + 4*y + 136408, -2*h = 5*y - 38943. What is the ten thousands digit of h?
1
Let o = 114 - 116. What is the units digit of 2/o*(-224 + -3)?
7
Let w = -1828 + 2180. What is the tens digit of w?
5
Suppose 0 = 5*a + 4*h - 30 + 3, -3*a + 3*h + 27 = 0. Let c(p) = 2*p**2 - 8*p - 13. What is the units digit of c(a)?
9
Suppose 0 = -5*k - 3*a + 38, -2*a - 3*a + 40 = 5*k. Suppose -k*z + 310 = -131. Let r = 176 - z. What is the tens digit of r?
1
Let y = 1 - -1. Let g be ((-250)/(-7) - y) + 20/70. Suppose s = -g + 108. What is the units digit of s?
4
Suppose 5*d = -3*l + 19984, 2*d - 7987 = 10*l - 9*l. What is the hundreds digit of d?
9
Suppose -3*c + 5*t + 6242 + 44960 = 0, t = -2. What is the ten thousands digit of c?
1
Let w = 19223 - 11057. What is the hundreds digit of w?
1
Let q = -7 + 15. What is the tens digit of (-4 - 121)/(7 - q)?
2
Let o = 70 - 84. What is the hundreds digit of (-3408)/(-22) + o/(-154)?
1
Let p(x) = x**3 + 9*x**2 + 2*x - 11. Suppose n + 11 = -q, -5*n = -5*q - 2 - 23. Let f be p(q). Let s = f - 27. What is the units digit of s?
0
What is the hundreds digit of 6*-10*(-1118)/78?
8
Let y(o) = 196*o + 60. Suppose -12*b + 22 = -14. What is the tens digit of y(b)?
4
What is the units digit of 5 - (-11 - (-5 - -7117))?
8
Let p = 1232 + 